{"id":243,"date":"2025-05-03T06:40:51","date_gmt":"2025-05-03T06:40:51","guid":{"rendered":"https:\/\/www.kode-eskola.eus\/inicio\/"},"modified":"2025-05-05T16:23:43","modified_gmt":"2025-05-05T16:23:43","slug":"inicio","status":"publish","type":"page","link":"https:\/\/www.kode-eskola.eus\/eu\/","title":{"rendered":"Hasiera"},"content":{"rendered":"<p>[et_pb_section fb_built=&#8221;1&#8243; _builder_version=&#8221;4.27.4&#8243; _module_preset=&#8221;default&#8221; custom_margin=&#8221;||||false|false&#8221; custom_padding=&#8221;0px||0px||false|false&#8221; global_colors_info=&#8221;{}&#8221;][et_pb_row _builder_version=&#8221;4.27.4&#8243; _module_preset=&#8221;default&#8221; global_colors_info=&#8221;{}&#8221;][et_pb_column type=&#8221;4_4&#8243; _builder_version=&#8221;4.27.4&#8243; _module_preset=&#8221;default&#8221; global_colors_info=&#8221;{}&#8221;][et_pb_slider _builder_version=&#8221;4.27.4&#8243; _module_preset=&#8221;default&#8221; hover_enabled=&#8221;0&#8243; global_colors_info=&#8221;{}&#8221; sticky_enabled=&#8221;0&#8243;][et_pb_slide heading=&#8221;UdaLab 2025&#8243; _builder_version=&#8221;4.27.4&#8243; _module_preset=&#8221;default&#8221; background_color=&#8221;rgba(0,0,0,0.53)&#8221; background_enable_color=&#8221;on&#8221; background_image=&#8221;https:\/\/www.kode-eskola.eus\/wp-content\/uploads\/2025\/05\/IMG-20220712-WA0018.jpg&#8221; background_enable_image=&#8221;on&#8221; background_blend=&#8221;multiply&#8221; hover_enabled=&#8221;0&#8243; global_colors_info=&#8221;{}&#8221; sticky_transition=&#8221;on&#8221; title_text=&#8221;IMG-20220712-WA0018&#8243; sticky_enabled=&#8221;0&#8243;]<\/p>\n<h2><strong>Udako kanpus teknologikoa<\/strong><\/h2>\n<p><a href=\"https:\/\/www.kode-eskola.eus\/eu\/udalab-2025\/\" class=\"btn-pink\">informazio gehiago<\/a> <a href=\"https:\/\/www.kode-eskola.eus\/eu\/izena-eman\/\" class=\"btn-blue\">izen-ematea<\/a><\/p>\n<p>[\/et_pb_slide][et_pb_slide heading=&#8221;10 urte baino gehiago haurrak eta gazteak teknologian trebatzen&#8221; _builder_version=&#8221;4.27.4&#8243; _module_preset=&#8221;default&#8221; background_color=&#8221;rgba(0,0,0,0.53)&#8221; background_enable_color=&#8221;on&#8221; background_image=&#8221;https:\/\/www.kode-eskola.eus\/wp-content\/uploads\/2025\/05\/2-scaled.jpg&#8221; background_enable_image=&#8221;on&#8221; background_blend=&#8221;multiply&#8221; global_colors_info=&#8221;{}&#8221; sticky_transition=&#8221;on&#8221;][\/et_pb_slide][\/et_pb_slider][\/et_pb_column][\/et_pb_row][\/et_pb_section][et_pb_section fb_built=&#8221;1&#8243; _builder_version=&#8221;4.27.4&#8243; _module_preset=&#8221;default&#8221; custom_padding=&#8221;0px||||false|false&#8221; global_colors_info=&#8221;{}&#8221;][et_pb_row column_structure=&#8221;1_2,1_2&#8243; _builder_version=&#8221;4.27.4&#8243; _module_preset=&#8221;default&#8221; global_colors_info=&#8221;{}&#8221;][et_pb_column type=&#8221;1_2&#8243; _builder_version=&#8221;4.27.4&#8243; _module_preset=&#8221;default&#8221; global_colors_info=&#8221;{}&#8221;][et_pb_text _builder_version=&#8221;4.27.4&#8243; _module_preset=&#8221;default&#8221; global_colors_info=&#8221;{}&#8221;]<\/p>\n<p>Kode_Eskola surge con la vocaci\u00f3n de adecuar la educaci\u00f3n al ecosistema en el que se desenvolver\u00e1n l@s profesionales del futuro y, para ello, queremos\u00a0que nuestr@s ni\u00f1@s y j\u00f3venes desarrollen la creatividad y el pensamiento l\u00f3gico a trav\u00e9s del uso adecuado de las nuevas tecnolog\u00edas, como herramientas did\u00e1cticas para estimular el comportamiento emprendedor en edades tempranas, haciendo con ello una aportaci\u00f3n social necesaria en estos momentos.<\/p>\n<p><strong>En un futuro muy cercano no ser\u00e1 suficiente utilizar los ordenadores de manera pasiva y consumista; ser\u00e1 necesario saber programarlos.<\/strong><\/p>\n<p>Con profesores titulados, se trabaja en grupo en torno a proyectos, y con una metodolog\u00eda creativa, donde l@s chavales participan activamente en el aprendizaje\u00a0<strong>{pensar, probar, equivocarse y aprender!}<\/strong><\/p>\n<p>[\/et_pb_text][\/et_pb_column][et_pb_column type=&#8221;1_2&#8243; _builder_version=&#8221;4.27.4&#8243; _module_preset=&#8221;default&#8221; global_colors_info=&#8221;{}&#8221;][et_pb_image src=&#8221;https:\/\/www.kode-eskola.eus\/wp-content\/uploads\/2025\/05\/kode_Eskola2025.jpg&#8221; title_text=&#8221;kode_Eskola2025&#8243; align=&#8221;right&#8221; _builder_version=&#8221;4.27.4&#8243; _module_preset=&#8221;default&#8221; global_colors_info=&#8221;{}&#8221;][\/et_pb_image][\/et_pb_column][\/et_pb_row][\/et_pb_section][et_pb_section fb_built=&#8221;1&#8243; _builder_version=&#8221;4.27.4&#8243; _module_preset=&#8221;default&#8221; global_colors_info=&#8221;{}&#8221;][et_pb_row column_structure=&#8221;1_2,1_2&#8243; module_class=&#8221;ibilbidea&#8221; _builder_version=&#8221;4.27.4&#8243; _module_preset=&#8221;default&#8221; background_color=&#8221;#f2f2f2&#8243; global_colors_info=&#8221;{}&#8221;][et_pb_column type=&#8221;1_2&#8243; _builder_version=&#8221;4.27.4&#8243; _module_preset=&#8221;default&#8221; global_colors_info=&#8221;{}&#8221;][et_pb_image src=&#8221;https:\/\/www.kode-eskola.eus\/wp-content\/uploads\/2025\/05\/hibilbidea_ke.jpg&#8221; title_text=&#8221;hibilbidea_ke&#8221; _builder_version=&#8221;4.27.4&#8243; _module_preset=&#8221;default&#8221; global_colors_info=&#8221;{}&#8221;][\/et_pb_image][\/et_pb_column][et_pb_column type=&#8221;1_2&#8243; _builder_version=&#8221;4.27.4&#8243; _module_preset=&#8221;default&#8221; global_colors_info=&#8221;{}&#8221;][et_pb_text _builder_version=&#8221;4.27.4&#8243; _module_preset=&#8221;default&#8221; global_colors_info=&#8221;{}&#8221;]<\/p>\n<p>10 urte baino gehiago gure seme-alabak teknologian trebatzen<\/p>\n<p><a href=\"https:\/\/www.kode-eskola.eus\/wp-content\/uploads\/2025\/05\/kode_eskola10_urte.pdf\" target=\"_blank\" rel=\"noopener\">Portafolioa ikusi<\/a><\/p>\n<p>[\/et_pb_text][\/et_pb_column][\/et_pb_row][\/et_pb_section]<\/p>\n","protected":false},"excerpt":{"rendered":"<p>Udako kanpus teknologikoa informazio gehiago izen-emateaKode_Eskola surge con la vocaci\u00f3n de adecuar la educaci\u00f3n al ecosistema en el que se desenvolver\u00e1n l@s profesionales del futuro y, para ello, queremos\u00a0que nuestr@s ni\u00f1@s y j\u00f3venes desarrollen la creatividad y el pensamiento l\u00f3gico a trav\u00e9s del uso adecuado de las nuevas tecnolog\u00edas, como herramientas did\u00e1cticas para estimular el [&hellip;]<\/p>\n","protected":false},"author":1,"featured_media":0,"parent":0,"menu_order":0,"comment_status":"closed","ping_status":"closed","template":"","meta":{"_et_pb_use_builder":"on","_et_pb_old_content":"","_et_gb_content_width":"","footnotes":""},"class_list":["post-243","page","type-page","status-publish","hentry"],"_links":{"self":[{"href":"https:\/\/www.kode-eskola.eus\/eu\/wp-json\/wp\/v2\/pages\/243","targetHints":{"allow":["GET"]}}],"collection":[{"href":"https:\/\/www.kode-eskola.eus\/eu\/wp-json\/wp\/v2\/pages"}],"about":[{"href":"https:\/\/www.kode-eskola.eus\/eu\/wp-json\/wp\/v2\/types\/page"}],"author":[{"embeddable":true,"href":"https:\/\/www.kode-eskola.eus\/eu\/wp-json\/wp\/v2\/users\/1"}],"replies":[{"embeddable":true,"href":"https:\/\/www.kode-eskola.eus\/eu\/wp-json\/wp\/v2\/comments?post=243"}],"version-history":[{"count":9,"href":"https:\/\/www.kode-eskola.eus\/eu\/wp-json\/wp\/v2\/pages\/243\/revisions"}],"predecessor-version":[{"id":309,"href":"https:\/\/www.kode-eskola.eus\/eu\/wp-json\/wp\/v2\/pages\/243\/revisions\/309"}],"wp:attachment":[{"href":"https:\/\/www.kode-eskola.eus\/eu\/wp-json\/wp\/v2\/media?parent=243"}],"curies":[{"name":"wp","href":"https:\/\/api.w.org\/{rel}","templated":true}]}}

<p>[et_pb_section fb_built=&#8221;1&#8243; _builder_version=&#8221;4.27.4&#8243; _module_preset=&#8221;default&#8221; custom_margin=&#8221;||||false|false&#8221; custom_padding=&#8221;0px||0px||false|false&#8221; global_colors_info=&#8221;{}&#8221;][et_pb_row _builder_version=&#8221;4.27.4&#8243; _module_preset=&#8221;default&#8221; global_colors_info=&#8221;{}&#8221;][et_pb_column type=&#8221;4_4&#8243; _builder_version=&#8221;4.27.4&#8243; _module_preset=&#8221;default&#8221; global_colors_info=&#8221;{}&#8221;][et_pb_slider _builder_version=&#8221;4.27.4&#8243; _module_preset=&#8221;default&#8221; hover_enabled=&#8221;0&#8243; global_colors_info=&#8221;{}&#8221; sticky_enabled=&#8221;0&#8243;][et_pb_slide heading=&#8221;UdaLab 2025&#8243; _builder_version=&#8221;4.27.4&#8243; _module_preset=&#8221;default&#8221; background_color=&#8221;rgba(0,0,0,0.53)&#8221; background_enable_color=&#8221;on&#8221; background_image=&#8221;https://www.kode-eskola.eus/wp-content/uploads/2025/05/IMG-20220712-WA0018.jpg&#8221; background_enable_image=&#8221;on&#8221; background_blend=&#8221;multiply&#8221; hover_enabled=&#8221;0&#8243; global_colors_info=&#8221;{}&#8221; sticky_transition=&#8221;on&#8221; title_text=&#8221;IMG-20220712-WA0018&#8243; sticky_enabled=&#8221;0&#8243;]</p>
<h2><strong>Udako kanpus teknologikoa</strong></h2>
<p><a href="https://www.kode-eskola.eus/eu/udalab-2025/" class="btn-pink">informazio gehiago</a> <a href="https://www.kode-eskola.eus/eu/izena-eman/" class="btn-blue">izen-ematea</a></p>
<p>[/et_pb_slide][et_pb_slide heading=&#8221;10 urte baino gehiago haurrak eta gazteak teknologian trebatzen&#8221; _builder_version=&#8221;4.27.4&#8243; _module_preset=&#8221;default&#8221; background_color=&#8221;rgba(0,0,0,0.53)&#8221; background_enable_color=&#8221;on&#8221; background_image=&#8221;https://www.kode-eskola.eus/wp-content/uploads/2025/05/2-scaled.jpg&#8221; background_enable_image=&#8221;on&#8221; background_blend=&#8221;multiply&#8221; global_colors_info=&#8221;{}&#8221; sticky_transition=&#8221;on&#8221;][/et_pb_slide][/et_pb_slider][/et_pb_column][/et_pb_row][/et_pb_section][et_pb_section fb_built=&#8221;1&#8243; _builder_version=&#8221;4.27.4&#8243; _module_preset=&#8221;default&#8221; custom_padding=&#8221;0px||||false|false&#8221; global_colors_info=&#8221;{}&#8221;][et_pb_row column_structure=&#8221;1_2,1_2&#8243; _builder_version=&#8221;4.27.4&#8243; _module_preset=&#8221;default&#8221; global_colors_info=&#8221;{}&#8221;][et_pb_column type=&#8221;1_2&#8243; _builder_version=&#8221;4.27.4&#8243; _module_preset=&#8221;default&#8221; global_colors_info=&#8221;{}&#8221;][et_pb_text _builder_version=&#8221;4.27.4&#8243; _module_preset=&#8221;default&#8221; global_colors_info=&#8221;{}&#8221;]</p>
<p>Kode_Eskola surge con la vocación de adecuar la educación al ecosistema en el que se desenvolverán l@s profesionales del futuro y, para ello, queremos que nuestr@s niñ@s y jóvenes desarrollen la creatividad y el pensamiento lógico a través del uso adecuado de las nuevas tecnologías, como herramientas didácticas para estimular el comportamiento emprendedor en edades tempranas, haciendo con ello una aportación social necesaria en estos momentos.</p>
<p><strong>En un futuro muy cercano no será suficiente utilizar los ordenadores de manera pasiva y consumista; será necesario saber programarlos.</strong></p>
<p>Con profesores titulados, se trabaja en grupo en torno a proyectos, y con una metodología creativa, donde l@s chavales participan activamente en el aprendizaje <strong>{pensar, probar, equivocarse y aprender!}</strong></p>
<p>[/et_pb_text][/et_pb_column][et_pb_column type=&#8221;1_2&#8243; _builder_version=&#8221;4.27.4&#8243; _module_preset=&#8221;default&#8221; global_colors_info=&#8221;{}&#8221;][et_pb_image src=&#8221;https://www.kode-eskola.eus/wp-content/uploads/2025/05/kode_Eskola2025.jpg&#8221; title_text=&#8221;kode_Eskola2025&#8243; align=&#8221;right&#8221; _builder_version=&#8221;4.27.4&#8243; _module_preset=&#8221;default&#8221; global_colors_info=&#8221;{}&#8221;][/et_pb_image][/et_pb_column][/et_pb_row][/et_pb_section][et_pb_section fb_built=&#8221;1&#8243; _builder_version=&#8221;4.27.4&#8243; _module_preset=&#8221;default&#8221; global_colors_info=&#8221;{}&#8221;][et_pb_row column_structure=&#8221;1_2,1_2&#8243; module_class=&#8221;ibilbidea&#8221; _builder_version=&#8221;4.27.4&#8243; _module_preset=&#8221;default&#8221; background_color=&#8221;#f2f2f2&#8243; global_colors_info=&#8221;{}&#8221;][et_pb_column type=&#8221;1_2&#8243; _builder_version=&#8221;4.27.4&#8243; _module_preset=&#8221;default&#8221; global_colors_info=&#8221;{}&#8221;][et_pb_image src=&#8221;https://www.kode-eskola.eus/wp-content/uploads/2025/05/hibilbidea_ke.jpg&#8221; title_text=&#8221;hibilbidea_ke&#8221; _builder_version=&#8221;4.27.4&#8243; _module_preset=&#8221;default&#8221; global_colors_info=&#8221;{}&#8221;][/et_pb_image][/et_pb_column][et_pb_column type=&#8221;1_2&#8243; _builder_version=&#8221;4.27.4&#8243; _module_preset=&#8221;default&#8221; global_colors_info=&#8221;{}&#8221;][et_pb_text _builder_version=&#8221;4.27.4&#8243; _module_preset=&#8221;default&#8221; global_colors_info=&#8221;{}&#8221;]</p>
<p>10 urte baino gehiago gure seme-alabak teknologian trebatzen</p>
<p><a href="https://www.kode-eskola.eus/wp-content/uploads/2025/05/kode_eskola10_urte.pdf" target="_blank" rel="noopener">Portafolioa ikusi</a></p>
<p>[/et_pb_text][/et_pb_column][/et_pb_row][/et_pb_section]</p>

<p>Udako kanpus teknologikoa informazio gehiago izen-emateaKode_Eskola surge con la vocación de adecuar la educación al ecosistema en el que se desenvolverán l@s profesionales del futuro y, para ello, queremos que nuestr@s niñ@s y jóvenes desarrollen la creatividad y el pensamiento lógico a través del uso adecuado de las nuevas tecnologías, como herramientas didácticas para estimular el [&hellip;]</p>
